alculate the remainder when g is divided by l.
22
Suppose 3*a + 29 = 2*s - 32, -2*a = -5*s + 48. Let y = a + 26. What is the remainder when 17 is divided by y?
3
What is the remainder when 295 is divided by 9/((-100)/(-60) + (-4)/6)?
7
Suppose 4*s = -6*m + 2*m + 256, m - 124 = -2*s. Calculate the remainder when 237 is divided by s.
57
Suppose -304*y = -295*y - 2349. What is the remainder when y is divided by 24?
21
Suppose 5*i - 10 = 0, 6*i + 176 = 4*v + 4*i. Calculate the remainder when v is divided by 21.
3
Suppose -7*i = 2*c - 9*i - 352, i + 707 = 4*c. What is the remainder when c is divided by 23?
16
Suppose 11*p = -p + 1260. What is the remainder when p is divided by 29?
18
Let h(g) = g**2 + 5*g - 2. Let l be h(-6). Suppose 5*x = l*x + 54. What is the remainder when x is divided by 19?
16
Suppose -13*w + 18*w = 3*d + 2375, -1456 = -3*w + 8*d. Calculate the remainder when w is divided by 80.
72
Let v(i) = -2*i + 6*i**2 + 7 + i**3 - 5*i - 2. What is the remainder when 8 is divided by v(-7)?
3
Let v be (-26)/(1/3 + -1). Let o(f) = -10*f + 117. Let u be o(9). Let i = v - u. Calculate the remainder when 34 is divided by i.
10
Let i(d) = -d + 10. Let y be (-6)/2 + (6 - 18). What is the remainder when 48 is divided by i(y)?
23
Suppose 5*s + 2*c - 306 = 0, -31*c + 72 = s - 27*c. Calculate the remainder when s is divided by 17.
9
Suppose -7*d + d = -18. Suppose -t = -5*r + 115, 0 = -d*r + t - 3*t + 69. What is the remainder when 85 is divided by r?
16
Suppose -3*t + 2 = -4. What is the remainder when 60 + -13 - (-3)/(3/t) is divided by 6/4*130/15?
10
Suppose -5*u + 4 = 3*r, -3*r - 3*u + 8 = -2*u. Suppose -4*p = r*j + 3 + 5, 15 = 5*j + p. Suppose j*v = 45 + 19. Calculate the remainder when v is divided by 9.
7
Suppose 2*j - 99 = -3*g, 4*j + 12*g - 218 = 10*g. Calculate the remainder when 1366 is divided by j.
55
Calculate the remainder when (70/42)/(1/159) is divided by 68.
61
Let w(v) = 4*v + 340. What is the remainder when w(59) is divided by 188?
12
Let q be (-1)/3 + (-16)/(-3). Let z(w) = 18*w**2 - 38*w - 39. What is the remainder when z(-1) is divided by (q/(-4))/((-3)/12)?
2
Suppose 0 = p - w - 15, -5*p - 4*w + 66 = -0*w. What is the remainder when p is divided by ((8/(-12))/(-1))/((-6)/(-72))?
6
Let q be 27/(-12)*-2 - 6/4. Suppose o - q*o = -18. Let v = -19 + 40. What is the remainder when v is divided by o?
3
Suppose -f - 4*q + 89 = 0, 0*q = 4*f + 4*q - 368. Let a = -26 - -24. Calculate the remainder when f is divided by 0 - ((-38)/7 - a)*7.
21
Suppose -382*a + 385*a = 159. What is the remainder when 203 is divided by a?
44
What is the remainder when 2/8 - 1098/(-24) is divided by 2 + 7 - (-7 - -2 - -2)?
10
Let o(l) = -l**3 - 6*l**2 - 2*l + 2. Let z = -205 - -211. Calculate the remainder when o(-6) is divided by z.
2
Calculate the remainder when 203 is divided by (-3)/(-12) + 22466/376.
23
Suppose 35*x = -884 + 2809. Suppose 0 = f - 11 - 19. Suppose -5*g = -b - 4*g + f, b = 3*g + 34. Calculate the remainder when x is divided by b.
27
Let q = 1390 + -1158. What is the remainder when q is divided by 88?
56
Let j(d) = 7*d - 127. Calculate the remainder when j(35) is divided by 17.
16
Let x(f) = 2*f**3 - 8*f**2 - 6*f + 4. What is the remainder when x(6) is divided by 29?
25
Suppose -4*a + 92 = -5*u, 4*u - a = -0*a - 67. Let j = 30 + u. Let l = 37 - j. What is the remainder when 44 is divided by l?
21
Let r = 411 - 404. Calculate the remainder when 89 is divided by r.
5
Suppose 3*g - 188 - 294 = 2*o, o - 488 = -3*g. What is the remainder when 492 is divided by g?
6
Suppose 3*j - 83 = j + 3*v, 2*v = 2*j - 86. What is the remainder when 182 is divided by j?
44
Let h = 562 + -439. What is the remainder when h is divided by 25?
23
Let d(x) = x**2 - 4*x - 5. Let g be d(-2). What is the remainder when (g + -4)*112/12 is divided by (-15)/((-2)/(8/6))?
8
Let a(i) be the first derivative of -i**2/2 + 20*i + 3. Let d be a(9). Let y = 18 - d. What is the remainder when 25 is divided by y?
4
Let b = -249 + 276. Calculate the remainder when b is divided by 4.
3
Let l = 26 - 31. Suppose -2*u - 8 = -42. Calculate the remainder when 4/10 + (-238)/l is divided by u.
14
Let d = -14 - -6. What is the remainder when (-2820)/(-80) + 2/d is divided by 18?
17
Let m(g) = 19*g**2 - 3*g - 3. Calculate the remainder when ((-36)/27)/(4/(-222)) is divided by m(-1).
17
Suppose 0 = 17*a - 30*a + 195. Let b(f) = 8*f - 11. Calculate the remainder when b(18) is divided by a.
13
Suppose -9*o + 350 + 1 = 0. Calculate the remainder when 77 is divided by o.
38
Suppose 3*c = -0*c + 12. Suppose 11 = 3*o + c*p, -7 = 4*o - 2*p - 51. Suppose -18*x - 96 = -22*x. What is the remainder when x is divided by o?
6
Suppose 2*a = 5*a. Suppose -2*t = -a*t - 12. Calculate the remainder when ((-160)/(-6))/(2/t) is divided by 27.
26
Suppose -9 = -4*g + y + 2, y = -2*g + 1. Suppose -6*p = -g*p. Let t(c) = 2*c + 54. Calculate the remainder when t(p) is divided by 19.
16
What is the remainder when 569 is divided by (2 - 2 - -5) + 5 + 34?
41
Let q = 108 - 61. Suppose 0 = -4*y - 8 + 32. What is the remainder when q is divided by y?
5
Suppose 84 = 7*v - 112. Suppose 3*w - 5*w = -v. What is the remainder when 24 is divided by w?
10
Let y = 19 - 19. Suppose 2*s + 2 + y = 2*o, 0 = -s - 3*o + 11. Let u = s + 8. What is the remainder when 19 is divided by u?
9
Suppose 0 = -13*z + 11*z + 40. What is the remainder when 37 is divided by z?
17
Let a(h) = 2*h**2 - 11*h + 40. Let f(u) = 3*u - 7. Calculate the remainder when a(6) is divided by f(5).
6
Let s be (3036/28)/(-3) - (-2)/14. Suppose 5*b + y = -y + 248, -4*y = b - 46. Let k = b + s. Calculate the remainder when 69 is divided by k.
13
Calculate the remainder when 2/(-4) + 4043/26 is divided by 18.
11
Suppose 401*v = 392*v + 63. What is the remainder when (9/6)/((-1)/(-8)) is divided by v?
5
Let d = -87 + 90. Calculate the remainder when d is divided by 1.
0
Suppose -16 = 21*t - 25*t. What is the remainder when 86 is divided by 32 - 0 - t/((-20)/(-15))?
28
Suppose 11 = 10*c - 39. Let t = -1 + 3. Suppose 5*w = c*r - 60, t*w + 4 = -3*r - 3*w. Calculate the remainder when r is divided by 5.
2
Suppose -32 = 3*k + 7. Let c(j) = -2*j - 24. Calculate the remainder when 12 is divided by c(k).
0
Let o = 188 - 71. What is the remainder when o/15*(5 - 0) is divided by 20?
19
Let q = -8 + 41. Let l be (6/(-9))/((-8)/(-276)). Let v = -11 - l. What is the remainder when q is divided by v?
9
Suppose -i + 122 = 3*r - 6*r, -4*i = -3*r - 488. Suppose -l + 28 = 6. Suppose 40 = 2*c - l. What is the remainder when i is divided by c?
29
What is the remainder when (252/112)/((-12)/(-64)) is divided by 1?
0
Calculate the remainder when 44 is divided by (-8)/28 + (-535)/(-35) + 4.
6
Let k = 155 - 244. Let p = 103 + k. What is the remainder when 22 is divided by p?
8
Let m = 8 + -5. Suppose 28 = -t + m*t. What is the remainder when 38 is divided by t?
10
Let f(m) = 13*m**3 + 3*m**2 - 17*m + 15. What is the remainder when (39/9)/((-2)/(-24)) is divided by f(1)?
10
Calculate the remainder when 23 is divided by 8/(-32) - 82/(-8).
3
Let l = -8 + 20. Calculate the remainder when 1*(-4)/l*(1 + -52) is divided by 10.
7
Suppose 3 = -g + 6. Suppose 0*t = -t - 5*l + 58, -g*l = -12. What is the remainder when t is divided by 10?
8
Let a(q) = q**3 + 4*q**2 - 32*q - 11. Calculate the remainder when a(-7) is divided by 18.
12
Let i(a) = -3*a - a**3 - 9 + 5*a**2 + 2*a + a + 3*a. What is the remainder when 10 is divided by i(5)?
4
Suppose 0 = -2*a + 6*a. Suppose a = 2*d - 6*d - 2*r + 18, 2*r = -3*d + 15. Let l = 13 + -3. What is the remainder when l is divided by d?
1
Let m = 23 + -13. Suppose -4 = 3*q - 4*q. What is the remainder when m is divided by q?
2
Calculate the remainder when 156 is divided by -7*(-45)/(-25)*(-50)/105.
0
Let i = 28 + -13. Let c(t) = -t**2 + 33*t + 29. What is the remainder when c(33) is divided by i?
14
Let s(l) = 3*l**2 - 7*l + 14. Calculate the remainder when 240 is divided by s(7).
16
Suppose -17*w + 12*w + 45 = 0. Let d(a) = a**3 - 10*a**2 + 7*a + 11. Let l be d(w). Calculate the remainder when 178*1*l/(-14) is divided by 23.
20
Suppose 41 = 2*u - 15. Let f be 3 + 1 + 0 + -2. Suppose 16 = y - n, f*y - 1 = -3*n + 26. What is the remainder when u is divided by y?
13
C